he prime factors of z.
2, 53
Let z(u) = u**2 - 20*u + 29. Let y be z(12). Let p = y - -115. Suppose 0 = -2*m - 2*m + p. What are the prime factors of m?
2, 3
Let t be (-2)/5 - (-1)/(15/(-1614)). Suppose -12 = 34*h - 36*h. List the prime factors of (328/h)/(4*(-9)/t).
2, 41
Let c = -94 + 96. List the prime factors of (0 + 713/2)*c.
23, 31
Let n be -1836 + (4 - -3)/(-7). Let c = -1001 - n. What are the prime factors of c?
2, 11, 19
Let g(q) = 6*q - 38. Let s be g(14). Let i = s - -53. Suppose 4*h + 3*a = 2*h + i, 0 = -h + a + 52. What are the prime factors of h?
3, 17
Let h(b) = -2*b**2 + 21*b. Let m(i) = -i**2 + 11*i + 4. Let o be m(10). Let w be h(o). Let d = w - -141. What are the prime factors of d?
43
Suppose 0 = 3*g - 3, -5*z = 3*g + g - 694. List the prime factors of (-498)/(-8)*368/z.
2, 83
Suppose -341*a + 262*a + 12087 = 0. List the prime factors of a.
3, 17
Suppose -5*q - g + 94994 = 16619, -15666 = -q - 2*g. What are the prime factors of q?
2, 3919
Suppose -28 = -o - 3. Suppose 9*x = 14*x - o. Suppose -12 = f - x*f. What are the prime factors of f?
3
Let a(c) = 5*c - 37. Let g be a(9). Let y(u) = -2*u**3 - g*u + 3*u**3 - 14 + 3*u + 3*u. List the prime factors of y(6).
2, 5, 19
Suppose 7*j = 3445 - 1296. What are the prime factors of j?
307
Let b = 47773 - 4283. List the prime factors of b.
2, 5, 4349
Let o = -42 + -54. Let r = 98 + o. Suppose 70 = g - r. What are the prime factors of g?
2, 3
Let b be ((-52)/16 - 2)*12. Let a = 298 - 152. Let q = a - b. What are the prime factors of q?
11, 19
Suppose 317739 - 50229 = 111*s. What are the prime factors of s?
2, 5, 241
Suppose 6639 = 3*l - 5*t, 441*l - 438*l = -t + 6657. List the prime factors of l.
2, 1109
Let d = -967 - -778. Let x = 50 - d. List the prime factors of x.
239
Suppose -17*b + 239 + 441 = 0. Suppose 2*c + 1520 = b*c. What are the prime factors of c?
2, 5
Let v(f) = 18*f + 40. Let q(s) = -18*s - 41. Let x(l) = 5*q(l) + 4*v(l). Let y be x(-10). Let m = 191 - y. What are the prime factors of m?
2, 7
Let i(h) = -h**3 - 10*h**2 + 34*h - 25. Let o = -458 - -441. What are the prime factors of i(o)?
2, 5, 71
Let t(g) = -78*g - 27. Let p be (-16)/6*(-18)/(-12). Let n be t(p). Suppose 23*z = 28*z - n. What are the prime factors of z?
3, 19
Let c(t) = 2*t**2 - 7*t. Let z be c(-37). Let r = z - 2070. What are the prime factors of r?
3, 103
Let c = -75330 + 129626. What are the prime factors of c?
2, 11, 617
Let l = 52 + -52. Let j(y) = -y**2 + 3*y + 3. Let v be j(3). Suppose v*r + l*r = 177. What are the prime factors of r?
59
Suppose 6*t - 168 = -q, -3*q + 76 = -4*t - 428. Let m(v) = 4*v. Let a be m(1). Suppose -5*c + 3*r + 18 = -q, 27 = c - a*r. List the prime factors of c.
3, 13
Suppose 587595 - 2198544 = -3*c. What are the prime factors of (-3)/11 - c/(-671)?
2, 5
Let j = 469 + -467. Suppose -j*g + 844 = -2558. What are the prime factors of g?
3, 7
Let i(b) = 16*b**2 + 3*b + 2. Suppose -2*f - 6 = -2. Let h be i(f). Let o = 27 + h. What are the prime factors of o?
3, 29
Let s be ((-32)/24)/((-8)/12). Suppose -s*y + 2200 + 360 = 0. What are the prime factors of y?
2, 5
Let q = -30 - -34. Let k be 48/27 + q/18. Suppose -m = k*m - y - 24, y + 32 = 4*m. What are the prime factors of m?
2
Let y = -23 + 18. Let t = 8 + y. Suppose -9 = -3*b, -3*v - t*b + 11 = -16. What are the prime factors of v?
2, 3
Let o = 14635 - 10191. List the prime factors of o.
2, 11, 101
Let u(x) = 91*x**3 + 2*x**2 - 2*x - 1. Let r be u(2). Suppose -167 - 12 = -d - j, -j = 4*d - r. Suppose d = 7*a - 236. List the prime factors of a.
2, 3, 5
What are the prime factors of ((-3)/(-6))/(((-1)/17616)/(15 - 18))?
2, 3, 367
What are the prime factors of 2/(11400/45520 - 2/8)?
2, 569
List the prime factors of 0/2 + 32521 + (-4)/((-8)/(-14)).
2, 3, 5419
Suppose 0 = -1012*w + 1006*w + 36960. List the prime factors of w.
2, 5, 7, 11
Let p = -48032 - -97578. What are the prime factors of p?
2, 7, 3539
Suppose 4*m = y - 26289, m = -35*y + 39*y - 105276. List the prime factors of y.
26321
Let t(r) = r**2 + 12*r + 23. Let w be t(-14). Let g = 55 - w. Let v(y) = 2*y**3 + 4*y**2 - 2*y + 7. List the prime factors of v(g).
191
What are the prime factors of -5 + (-2 - -13261 - 6/(-1))?
2, 3, 5, 13, 17
Suppose 4*h + 5*s = -355, -5*h = 2*s - 134 + 565. Let r(a) = -a**2 + 23*a + 129. Let o be r(21). Let m = o + h. What are the prime factors of m?
2, 43
What are the prime factors of (61362/(-10))/(-1) - 133/665?
2, 13, 59
Let n = 139 - 134. Suppose 5*f + m = -4*m + 3450, 4*f + n*m = 2761. What are the prime factors of f?
13, 53
Suppose -4*f + 15 + 9 = 0. Let z(s) = f*s + 2*s - 10*s + 32. What are the prime factors of z(-20)?
2, 3
Let h(v) = 12*v - 2 + 15 + 161*v**2 + 1. What are the prime factors of h(-2)?
2, 317
Let c(s) = -s**3 + 5*s**2 - 2*s - 5. Let m be c(4). Suppose 173 = m*g - 61. What are the prime factors of (g - -4) + 6/(-2)?
79
Suppose 4*d + p = 19858, 30*p - 31*p = -2*d + 9926. What are the prime factors of d?
2, 17, 73
Let z(p) = 74*p**2 + 16*p - 12. Let a(l) = 2*l**2 - 13*l + 25. Let g be a(3). What are the prime factors of z(g)?
2, 3, 103
Let g(i) = -i**3 + 9*i**2 - 9*i - 1. Let p be g(8). Let a be ((-3)/(-3))/((-9)/p). What are the prime factors of (34/4)/(a/2)?
17
Let x(s) = -2*s**3 - 7*s**2 - 27. Let g be x(-11). Suppose -10*m - 2408 = -4*f - 8*m, -g = -3*f - 3*m. What are the prime factors of f?
2, 3, 5
Let r(o) = 103*o + 59. Let q be r(-3). What are the prime factors of q/65 + (-8)/52 + 1827?
1823
List the prime factors of 11/1 + 246672/9.
7, 3917
Let k(n) = -33*n**3 - 2*n**2 - n + 2. Let y be k(-1). Suppose 33*u = y*u - 303. What are the prime factors of u?
3, 101
Suppose 30*q - 6*q = -288. Let n(p) be the first derivative of -2*p**3/3 - 29*p**2/2 - 2*p + 1. What are the prime factors of n(q)?
2, 29
Suppose -37*y + 44*y - 210 = 0. Suppose 0 = -7*k + y*k - 17572. List the prime factors of k.
2, 191
Let n(h) = -6*h**3 - 27*h**2 - 134*h + 6. List the prime factors of n(-11).
6199
Let d be 3 + 10/(-12) + (-12)/72. Let k be -1*(d + -5 - 4). Suppose 689 = k*z - 529. List the prime factors of z.
2, 3, 29
Let g(h) = 0 - 3 + 7 + 21*h + 30*h**2 + 6. What are the prime factors of g(-5)?
5, 131
Let o = 18 - 21. Let h be 115/(-15) + (-2)/o. Let j = h - -48. List the prime factors of j.
41
Let g = -593 - -599. Let b(t) = 38*t**2 + 8*t - 21. List the prime factors of b(g).
3, 5, 31
Suppose 422 = f + 137. Let r = -185 - -198. Suppose r*w + f = 16*w. List the prime factors of w.
5, 19
Suppose 6*z - z = 5*w + 2675, -4*w = -5*z + 2677. Suppose -5*t - z = -982. What are the prime factors of t?
89
Let w(d) be the first derivative of -89*d**2/2 - 102*d + 31. List the prime factors of w(-6).
2, 3
Suppose -5*r = -r. Let d be (-130)/1495 + ((-8)/(-46))/(3/1968). Suppose r = -t + 5*i + d, -t + 0*t + 116 = -3*i. What are the prime factors of t?
7, 17
Suppose k = 21 - 17. Suppose k*a = -3*a. Suppose f + p = -2*p + 89, 3*f + 5*p - 275 = a. List the prime factors of f.
5, 19
Let t = 90 - 85. Let y(o) = -2*o**2 + 6*o + 23. Let v be y(t). Suppose -n + v*c = -122, 0*n - 3*n = c - 326. What are the prime factors of n?
2, 5, 11
Let z be ((-4467)/(-3)*1)/((-7)/(-7)). Let x = -505 + z. List the prime factors of x.
2, 3, 41
Let v be 12/378*7 - (-4082)/18. What are the prime factors of 6*(-6)/(-36)*v?
227
Let f(s) = -s**3 - 2*s**2 - 5*s - 12. Let u be f(-4). What are the prime factors of (-76 - 0)/(-3 - u/(-16))?
2, 19
Suppose v + 6 = -2*s - 0*s, -3*s = v + 11. Suppose 3 = v*a - 5. Suppose 2*f = a + 92. List the prime factors of f.
47
Let u = 62 + -103. Let x = u + 44. Suppose x*y = 4*y - 69. What are the prime factors of y?
3, 23
Let y be (-312)/20*(-20)/(-6). Suppose 0 = -70*i - 111 - 169. List the prime factors of (1/3)/(y/3237)*i.
83
Let h be (-5)/15 - 371/3. Let c = -74 + h. Let s = -91 - c. What are the prime factors of s?
107
Let i(z) = 2 - z + 0*z + z**3 + z**2 + 0. Let s(l) = l**3 + 13*l**2 + 27*l + 55. Let y be s(-11). What are the prime factors of i(y)?
2
Let q(s) = 179*s**2 + 15*s - 317. List the prime factors of q(12).
25639
Let i = -40 + 57. Let c be (-5)/(-2) - (-20)/40. Let g = i - c. List the prime factors of g.
2, 7
Suppose -2*d + 16 = -0*d + 2*v, -5*d + 35 = 4*v. Suppose -3*t - 2*t = w - 284, 3*w = -t + 54. Suppose 138 = d*l - t. 